*a = 4*g + 14. What is the units digit of a?
6
Suppose 8 = 4*y - 3*y. Suppose -4*l + 3*c - 2 = -y, -4*l - 5*c + 22 = 0. Suppose 5*k + 9 = 4*t + 31, 3*k - l*t = 12. What is the units digit of k?
6
Let s(a) = a**2 - 3*a - 12. Suppose 2*f - 3*r - 22 = 0, 3*f = -2*f - 5*r + 55. What is the units digit of s(f)?
6
Let y = 30 - -655. What is the units digit of y?
5
Suppose 0 = 5*d + 21 + 4, -a + 20 = -3*d. Let y(q) = -q**3 + q**2 - q - 4. Let r be y(-4). Suppose -a*i + r + 0 = 0. What is the units digit of i?
6
Suppose -295*d + 301*d - 5412 = 0. What is the hundreds digit of d?
9
Let c(a) = -3*a + 4. Let j be c(-2). Let s be (-2)/(j/(-245)) + 3. Suppose -5*v - 99 = -2*o, o + s = 2*o - 5*v. What is the units digit of o?
7
Let a(g) = 0*g + 4 - 3*g - 1. Let o be a(-4). Let y = 42 - o. What is the tens digit of y?
2
Let y be (-80)/(-10)*(-1)/2. What is the units digit of -37*(-7)/((-14)/y)?
4
Let m(c) = 34*c**2 + 11*c + 9. What is the tens digit of m(6)?
9
Suppose x + x = 0. Let n(m) = x + 2 - 2 - 2 - 2*m. What is the units digit of n(-4)?
6
Let z = 3 + -6. Let f be 2/(-6) + 3 + (-11)/3. What is the units digit of f/z + 6/9?
1
Let z = -1670 + 2697. What is the thousands digit of z?
1
Suppose h = -3*v + 337, v + 0*v = -4*h + 1304. Suppose 0 = i - o - 89, h = 3*i - 2*o + 53. What is the tens digit of i?
9
Suppose -5*h + 1924 = 2*u, -3*h + 0*h = 3*u - 2895. What is the units digit of u?
7
Suppose -1065*s - 4450 = -1070*s. What is the units digit of s?
0
Suppose -g + v = -2, -2*g - 5*v = -g - 14. Suppose 3*q - 170 = g. What is the tens digit of q?
5
Suppose -374 = -2*r + 2*d, 9*r + 5*d + 377 = 11*r. What is the hundreds digit of r?
1
Let l = -1444 - -1864. What is the hundreds digit of l?
4
Suppose 6*d + 5*n - 805 = d, -6 = -2*n. Suppose -2*v = -d - 192. What is the hundreds digit of v?
1
Suppose 1793 = -85*t + 86*t. What is the tens digit of t?
9
Suppose 12 = -4*m + 3*m. Let l be 6/10 + m/(-5). Suppose -l*j + 35 - 14 = 0. What is the units digit of j?
7
Suppose 10*c = 23*c - 12493. What is the hundreds digit of c?
9
Suppose -4*k - 64 + 220 = 0. What is the units digit of k?
9
Let z = -548 - -1106. What is the tens digit of z?
5
Let c(a) = 2*a**3 - 3*a**2 + 3*a + 8. Let n(v) = -v**3 - 4*v**2 - 2*v - 3. Let y be n(-4). What is the tens digit of c(y)?
9
Let c(h) = -46*h - 84. What is the units digit of c(-8)?
4
Let i(h) = -251*h - 56. What is the hundreds digit of i(-3)?
6
Let v(t) = 61*t + 11. Let m be v(9). Suppose -m = -6*y - y. Let a = y - 51. What is the units digit of a?
9
Let b(o) = 3 + 1 - 61*o - 25*o. What is the tens digit of b(-1)?
9
Let u(c) = c**2 - 2*c + 4. Let r be u(2). Suppose -5*w + r = -3*w. What is the units digit of w?
2
Suppose 3*t - 4*o - 7278 = 0, -6*o + 9679 = 4*t - 3*o. What is the thousands digit of t?
2
Let q(b) = 3*b**2 + 4*b. Suppose -10*t + 6*t - z = -16, 5*t + 4*z - 31 = 0. What is the units digit of q(t)?
9
Suppose 0 = 3*d - 4*w - 2013, -3*d + 4*w + 2016 = -w. What is the hundreds digit of d?
6
Suppose 0 = -2*v + 3 + 3. Suppose 0 = -2*m - v*m. Let n = 18 + m. What is the tens digit of n?
1
Let j be 3/6 - 3/(-2). Suppose 98 = j*m - 16. What is the units digit of m?
7
Suppose -4*z - 4 - 8 = 0. Let y be z + (-21)/(-3) + 1. Suppose y*a - 3 = 17. What is the units digit of a?
4
Suppose 25 = 3*z + 2*z. Let f be z + (-9)/(-1 - -4). Suppose p + f*p - 75 = 0. What is the units digit of p?
5
Let w(j) = 5*j**2 + 2*j. Let s = 29 + -26. What is the units digit of w(s)?
1
What is the hundreds digit of ((4 - 3)/(2/(-302)))/(-1)?
1
Let u = 3456 + -2197. What is the thousands digit of u?
1
Let l(c) = -967*c - 431. What is the hundreds digit of l(-3)?
4
What is the units digit of (2163/(-515))/(1/(-205))?
1
What is the units digit of (-3 - (7 - 9))/((-4)/7544)?
6
Let c(i) = 5*i. Suppose d - 2 = 7. What is the tens digit of c(d)?
4
Let s = -16 + 30. Let l be (s/4)/((-3)/6). Let n = 26 + l. What is the tens digit of n?
1
Suppose 0 = 2*n - 5*y - 327, 3*y + 4 = 13. What is the units digit of n?
1
Let h be 108/3 + (3 - 2). Let b(j) = j**2 + 7*j + 1. Let q be b(-6). Let k = q + h. What is the tens digit of k?
3
Let f(i) = 3*i**3 - 16*i**2 - 12. Let v be f(5). Suppose -4*l - 329 = -y, 2*l + y - 27 = -190. Let d = v - l. What is the tens digit of d?
4
Let v be 6 + 0 - (-1 - -3). Suppose 0 = 2*d + v*a - 20, -4 + 11 = d + 5*a. What is the units digit of d?
2
What is the units digit of (-88 + 2)*(77/(-14) - 7)?
5
Suppose 0 = 22*c + 96 - 8280. What is the hundreds digit of c?
3
Suppose -28 = -13*u + 6*u. Suppose 0 = -3*d + u*v + 869, 4*v + 28 = 8. What is the hundreds digit of d?
2
Suppose 6*l - 5*l - 2820 = -4*u, 4*l = 3*u - 2096. What is the units digit of u?
4
Suppose h - 5*h + 924 = -4*t, 0 = -3*h + 4*t + 698. Let l = h - 97. What is the units digit of l?
9
Let d = -654 - -461. Let a = -102 - d. What is the units digit of a?
1
Let j(u) = -4*u - 19. Let r be j(-12). Suppose -86 = -3*d + 5*h, -3 = -2*d - 3*h + r. What is the units digit of d?
2
Let n be (20/(-8))/((-1)/2). Suppose n = 4*s - 35. What is the units digit of 4/(-3)*(-255)/s?
4
Suppose -6*f - 34 = -4*f. What is the tens digit of 4*f*(2 + -3)?
6
Let c(y) = -189*y - 33. What is the hundreds digit of c(-9)?
6
Suppose 5 = -0*m - m. Let t(p) = p**3 + 3*p**2 - 6*p + 6. Let i be t(m). Let x = 31 + i. What is the tens digit of x?
1
Suppose -42 = -6*y - 0*y. What is the units digit of ((-7)/(-3))/y - (-518)/3?
3
Suppose -6*a = -2*a - 16. Suppose 0 = a*w + 38 - 2. Let r(b) = -8*b - 15. What is the units digit of r(w)?
7
Let t(f) = 150*f**2 + 85*f - 267. What is the thousands digit of t(3)?
1
What is the tens digit of (-56)/49*4305/(-10)?
9
Let d(b) = -b**3 + 9*b**2 + 2*b. Let h be 10/(2/4*-2). Let q = 19 + h. What is the units digit of d(q)?
8
Suppose 2*v - 7*v = 4*g + 172, -3*v + 102 = -3*g. Suppose -16*a = -26*a - 210. Let p = a - g. What is the units digit of p?
7
Let d be 31/(-11) - 8/44. Let u = 2 - d. Suppose -u*a + 15 + 50 = 0. What is the tens digit of a?
1
Let n be ((-1405)/10 - 4)/((-2)/4). Let j = -183 + n. What is the hundreds digit of j?
1
Suppose -6 = p + 5*v, 7*p - 5*v = 2*p + 120. What is the tens digit of p?
1
Let m(k) be the first derivative of -k**2/2 + 3*k + 3. Let r be m(3). What is the tens digit of 3 + -3 - (r + -21)?
2
Let f = 3791 + -2673. What is the hundreds digit of f?
1
Let q be (-34)/(-10) - 8/20. Suppose 2*d - 42 = -3*m, -4*d = -q*m - 0*m - 120. What is the units digit of d?
7
Suppose 0 = -5*d + 5*g + 5645, -34*d + 1137 = -33*d - 3*g. What is the units digit of d?
5
Let q be 74/10 + (-18)/(-30). Let d be ((-27)/12)/((-3)/q). What is the tens digit of (4 + -1)/(d/38)?
1
Suppose -3*b + 4*s + 25 = 0, -2*b + 5*s + 6 - 1 = 0. Let y(o) = o - 13. Let q be y(b). Suppose 50 = q*j - 8. What is the units digit of j?
9
Suppose 33699 + 32213 = 22*k. What is the thousands digit of k?
2
Let w(s) = 2666*s + 30. What is the tens digit of w(1)?
9
What is the units digit of (9*55)/3*1?
5
Suppose 0 = 7*d - 4*d - 978. What is the tens digit of d?
2
Let x(h) = h + 7. Suppose 5*t + 40 = 4*q + 13, -3*q + 1 = -t. Let c be x(t). Suppose c*l - 128 = -2*l. What is the units digit of l?
4
Suppose -12 - 12 = -8*f. What is the units digit of 1308/15 + f/(-15)?
7
Let m = 749 - -511. What is the hundreds digit of m?
2
Let f be ((-2832)/20)/(3/(-60)*3). Suppose f - 264 = 8*u. What is the tens digit of u?
8
Suppose -97 = -4*j + 5*a, -2*a - 2*a = -12. What is the units digit of j/2 - (-6 + 6)?
4
Suppose o = x - 7, 0 = -3*o - 4 - 5. Suppose -x = -5*k + 1. What is the tens digit of 225/20 - k/4?
1
Let y be 8/(-2)*12/(-16). What is the units digit of (-2)/y - 52/(-6)?
8
Let d(l) be the second derivative of -l**4/6 + l**3/6 + 199*l**2/2 + 2*l. What is the units digit of d(0)?
9
Let y(u) = u**2 + 2*u + 435. What is the hundreds digit of y(0)?
4
Let n = -14 - -34. Let k(p) = p**3 - 19*p**2 - 21*p + 30. What is the tens digit of k(n)?
1
Let s = 659 + -242. Let k = -210 + s. What is the units digit of k?
7
Suppose 53*i = 64*i - 43483. What is the units digit of i?
3
Suppose -2*t + 9 = -7. What is the units digit of (t/8)/(2/218)?
9
Suppose 135 = -3*k - 5*l + 442, 5*k - l = 521. Suppose -3*r + u = -0*r - 68, -4*u = -4*r + k. Let c = r - 2. What is the units digit of c?
9
Let p(c) be the second derivative of c**5